{"id":18,"date":"2018-11-01T16:05:25","date_gmt":"2018-11-01T15:05:25","guid":{"rendered":"http:\/\/www.xn--kartenglck-heb.de\/wordpress\/?page_id=18"},"modified":"2018-11-01T16:39:28","modified_gmt":"2018-11-01T15:39:28","slug":"ueber-mich","status":"publish","type":"page","link":"https:\/\/www.xn--kartenglck-heb.de\/wordpress\/ueber-mich\/","title":{"rendered":"\u00dcber mich"},"content":{"rendered":"<p>Hallo, mein Name ist Maria Menzel. Ich bin Bastlerin aus Leidenschaft und m\u00f6chte auf den folgenden Seiten mein Hobby mit euch teilen.<\/p>\n<p>Seit dem ich denken kann, lebe ich mich kreativ aus. Ich habe schon in der Schule gerne gemalt und f\u00fcr viele Anl\u00e4sse gebastelt. 2012 haben mir meine Eltern eine Bigshot zum Geburtstag geschenkt. Dieses Ger\u00e4t habe ich vorher noch nie gesehen, war aber sofort angetan von den M\u00f6glichkeiten, Papier damit zu bearbeiten. Damit war ich mit dem Bastelvirus infiziert und tobe mich nun vorrangig in der Kartengestaltung aus.<\/p>\n<p>Auf der Suche nach einem geeigneten Schneideger\u00e4t, bin ich \u00fcber den Hersteller &#8222;Stampin Up!&#8220; gestolpert. Er bietet Stempelsets f\u00fcr alle m\u00f6glichen Anl\u00e4sse mit passenden Stanzen und Thinlits sowie umwerfenden Papieren an. Farben, Farbkarton&#8230;alles aufeinander abgestimmt. Herrlich! Trotz stolzer Preise, bin ich der Sucht nach diesen Produkten verfallen und erweitere mein Materiallager regelm\u00e4\u00dfig.<\/p>\n<p>Gerne schaue ich mich aber auch in den Bastelgesch\u00e4ften meines Vertrauens um, welche auch eine tolle Auswahl an\u00a0 Angeboten und Basics &#8211; oft auch zu g\u00fcnstigeren Preisen &#8211; haben.<\/p>\n<p>Meine Quelle der Inspiration sind verschiedene Demonstratorinnen von Stampin Up! und Videos auf Youtube. Falls ihr mal Zeit haben solltet, schaut euch die raffinierten Videos von Jennifer McGuire an.<\/p>\n<p>So, und nun w\u00fcnsche ich euch viel Freude und Anregung auf meinem Blog!<\/p>\n","protected":false},"excerpt":{"rendered":"<p>Hallo, mein Name ist Maria Menzel. Ich bin Bastlerin aus Leidenschaft und m\u00f6chte auf den folgenden Seiten mein Hobby mit euch teilen. Seit dem ich denken kann, lebe ich mich kreativ aus. Ich habe schon in der Schule gerne gemalt und f\u00fcr viele Anl\u00e4sse gebastelt. 2012 haben mir meine Eltern eine Bigshot zum Geburtstag geschenkt. &hellip; <\/p>\n<p class=\"link-more\"><a href=\"https:\/\/www.xn--kartenglck-heb.de\/wordpress\/ueber-mich\/\" class=\"more-link\"><span class=\"screen-reader-text\">\u201e\u00dcber mich\u201c<\/span> weiterlesen<\/a><\/p>\n","protected":false},"author":1,"featured_media":0,"parent":0,"menu_order":0,"comment_status":"closed","ping_status":"closed","template":"","meta":[],"_links":{"self":[{"href":"https:\/\/www.xn--kartenglck-heb.de\/wordpress\/wp-json\/wp\/v2\/pages\/18"}],"collection":[{"href":"https:\/\/www.xn--kartenglck-heb.de\/wordpress\/wp-json\/wp\/v2\/pages"}],"about":[{"href":"https:\/\/www.xn--kartenglck-heb.de\/wordpress\/wp-json\/wp\/v2\/types\/page"}],"author":[{"embeddable":true,"href":"https:\/\/www.xn--kartenglck-heb.de\/wordpress\/wp-json\/wp\/v2\/users\/1"}],"replies":[{"embeddable":true,"href":"https:\/\/www.xn--kartenglck-heb.de\/wordpress\/wp-json\/wp\/v2\/comments?post=18"}],"version-history":[{"count":3,"href":"https:\/\/www.xn--kartenglck-heb.de\/wordpress\/wp-json\/wp\/v2\/pages\/18\/revisions"}],"predecessor-version":[{"id":37,"href":"https:\/\/www.xn--kartenglck-heb.de\/wordpress\/wp-json\/wp\/v2\/pages\/18\/revisions\/37"}],"wp:attachment":[{"href":"https:\/\/www.xn--kartenglck-heb.de\/wordpress\/wp-json\/wp\/v2\/media?parent=18"}],"curies":[{"name":"wp","href":"https:\/\/api.w.org\/{rel}","templated":true}]}}